?
True
Is 3187940 a multiple of 28?
True
Does 14 divide 7386801?
False
Is 9794930 a multiple of 53?
True
Is 36 a factor of 88353?
False
Is 398276 a multiple of 4?
True
Does 76 divide 4428672?
True
Does 55 divide 8102?
False
Does 5 divide 189996?
False
Is 24 a factor of 111746?
False
Is 4717724 a multiple of 396?
False
Is 173180 a multiple of 35?
True
Is 5857308 a multiple of 81?
False
Does 55 divide 6984325?
False
Does 521 divide 740275?
False
Is 9445050 a multiple of 2265?
True
Does 285 divide 412395?
True
Is 62 a factor of 65720?
True
Does 17 divide 241927?
True
Is 58720 a multiple of 20?
True
Is 59 a factor of 3015608?
True
Is 15037186 a multiple of 398?
False
Is 52 a factor of 24203?
False
Is 10 a factor of 5307310?
True
Is 56038 a multiple of 46?
False
Is 50 a factor of 516650?
True
Is 7633544 a multiple of 12?
False
Is 46187 a multiple of 2?
False
Is 231794 a multiple of 122?
False
Is 49687 a multiple of 247?
False
Does 7 divide 303849?
True
Is 384 a factor of 2429808?
False
Is 794 a factor of 7863826?
False
Is 476 a factor of 435042?
False
Does 700 divide 3168200?
True
Is 182 a factor of 249704?
True
Is 2627298 a multiple of 643?
True
Is 777 a factor of 439005?
True
Is 172 a factor of 877568?
False
Is 28323 a multiple of 19?
False
Is 21 a factor of 6446328?
True
Does 59 divide 496260?
False
Is 22 a factor of 74930?
False
Does 13 divide 76180?
True
Is 13281716 a multiple of 28?
True
Is 86315 a multiple of 3?
False
Does 293 divide 4838?
False
Is 478124 a multiple of 406?
False
Does 80 divide 9723?
False
Is 102985 a multiple of 458?
False
Is 85 a factor of 78855?
False
Does 10 divide 1707750?
True
Is 127 a factor of 819248?
False
Is 60 a factor of 2054952?
False
Is 13 a factor of 1967004?
True
Is 129004 a multiple of 4?
True
Does 18 divide 4258954?
False
Is 143 a factor of 1176618?
False
Does 68 divide 1972?
True
Is 19 a factor of 5578248?
True
Is 306908 a multiple of 452?
True
Does 3 divide 10665?
True
Is 113 a factor of 75371?
True
Does 63 divide 864?
False
Is 89 a factor of 103596?
True
Does 57 divide 60567?
False
Is 214515 a multiple of 5?
True
Is 34 a factor of 485996?
True
Is 108 a factor of 6314282?
False
Is 483 a factor of 61238?
False
Is 191708 a multiple of 11?
True
Is 106 a factor of 1312386?
True
Is 4019763 a multiple of 41?
True
Does 32 divide 4587264?
True
Does 5 divide 298084?
False
Is 846772 a multiple of 30?
False
Is 183 a factor of 5220113?
False
Is 389172 a multiple of 226?
True
Is 4410432 a multiple of 288?
True
Does 393 divide 56984?
False
Is 12 a factor of 219389?
False
Is 1824505 a multiple of 34?
False
Is 9875 a multiple of 117?
False
Is 258932 a multiple of 76?
True
Does 472 divide 193992?
True
Is 126319 a multiple of 59?
True
Is 6131884 a multiple of 6?
False
Is 900328 a multiple of 787?
True
Is 1145437 a multiple of 47?
True
Is 6400066 a multiple of 394?
False
Does 40 divide 281800?
True
Is 50 a factor of 118400?
True
Does 44 divide 29062?
False
Is 19820039 a multiple of 15?
False
Is 1721850 a multiple of 195?
True
Is 5222176 a multiple of 317?
False
Does 267 divide 1522968?
True
Does 13 divide 15990?
True
Does 511 divide 43211?
False
Does 106 divide 1021369?
False
Is 17305 a multiple of 2?
False
Does 173 divide 343751?
True
Does 65 divide 34367?
False
Does 118 divide 14750?
True
Is 1644 a multiple of 13?
False
Does 43 divide 296849?
False
Does 236 divide 116820?
True
Is 180 a factor of 76045?
False
Is 1235397 a multiple of 6?
False
Is 72 a factor of 20736?
True
Is 242 a factor of 295966?
True
Is 251840 a multiple of 45?
False
Does 55 divide 660935?
True
Does 92 divide 2220144?
True
Is 5261736 a multiple of 809?
True
Is 180378 a multiple of 11?
True
Is 1174990 a multiple of 10?
True
Is 10 a factor of 224030?
True
Is 139531 a multiple of 3?
False
Is 2 a factor of 643169?
False
Does 8 divide 278895?
False
Is 421 a factor of 1371618?
True
Is 1378428 a multiple of 204?
True
Does 18 divide 438756?
False
Is 230940 a multiple of 15?
True
Does 87 divide 331148?
False
Does 45 divide 129105?
True
Is 2848623 a multiple of 25?
False
Is 35225 a multiple of 165?
False
Is 234 a factor of 5689799?
False
Is 61898 a multiple of 67?
False
Is 4262420 a multiple of 10?
True
Does 55 divide 39435?
True
Does 4 divide 576164?
True
Is 3735383 a multiple of 52?
False
Is 2641460 a multiple of 48?
False
Is 20 a factor of 161879?
False
Is 5920480 a multiple of 80?
True
Is 180480 a multiple of 32?
True
Is 3482596 a multiple of 268?
False
Is 2208351 a multiple of 323?
True
Is 147 a factor of 166551?
True
Is 78 a factor of 417536?
False
Is 262210 a multiple of 13?
True
Does 79 divide 2691767?
True
Does 6 divide 851768?
False
Does 137 divide 358947?
False
Is 86381 a multiple of 74?
False
Is 5417096 a multiple of 37?
True
Is 7 a factor of 64904?
True
Is 8778 a multiple of 14?
True
Does 101 divide 232642?
False
Does 521 divide 7649900?
False
Is 22762 a multiple of 90?
False
Is 169 a factor of 95606?
False
Is 24 a factor of 1182479?
False
Is 278 a factor of 294124?
True
Is 2013373 a multiple of 10?
False
Is 9259107 a multiple of 143?
True
Is 35 a factor of 199829?
False
Does 23 divide 9532?
False
Is 202161 a multiple of 60?
False
Is 34 a factor of 1540694?
False
Is 212 a factor of 636212?
True
Does 377 divide 4907032?
True
Is 161280 a multiple of 280?
True
Is 43 a factor of 1543547?
False
Is 14596054 a multiple of 11?
True
Does 917 divide 2697091?
False
Is 6776152 a multiple of 41?
True
Is 8920921 a multiple of 12?
False
Does 118 divide 119062?
True
Is 4 a factor of 142612?
True
Is 3240820 a multiple of 44?
True
Is 899465 a multiple of 31?
True
Is 19246 a multiple of 31?
False
Is 6 a factor of 11918?
False
Is 2696170 a multiple of 129?
False
Is 56 a factor of 20231?
False
Is 50 a factor of 256850?
True
Does 95 divide 597230?
False
Is 9094142 a multiple of 59?
True
Is 9 a factor of 378954?
True
Is 350 a factor of 100450?
True
Is 1227263 a multiple of 15?
False
Is 10 a factor of 1070269?
False
Is 383 a factor of 234298?
False
Does 52 divide 176488?
True
Does 274 divide 1017514?
False
Is 496020 a multiple of 14?
True
Is 15 a factor of 2287?
False
Is 235 a factor of 4345385?
True
Does 264 divide 2120994?
False
Does 54 divide 151242?
False
Is 25219 a multiple of 30?
False
Is 768 a factor of 4998792?
False
Does 14 divide 17844554?
True
Does 19 divide 1094780?
True
Does 12 divide 3232615?
False
Does 40 divide 172045?
False
Is 26465 a multiple of 8?
False
Is 224531 even?
False
Does 7 divide 402806?
False
Is 6 a factor of 592302?
True
Does 1020 divide 1447189?
False
Is 18198900 a multiple of 365?
True
Is 4092 a multiple of 124?
True
Is 8 a factor of 641998?
False
Is 160 a factor of 2893600?
True
Is 3 a factor of 1306441?
False
Is 347524 a multiple of 307?
True
Does 91 divide 151424?
True
Is 128 a factor of 22580864?
True
Does 11 divide 37489?
False
Does 184 divide 3781203?
False
Is 31 a factor of 31178?
False
Does 34 divide 102510?
True
Is 884136 a multiple of 561?
True
Is 314601 a multiple of 273?
False
Is 134784 a multiple of 54?
True
Is 425 a factor of 371842?
False
Is 9220800 a multiple of 6?
True
Is 139 a factor of 443827?
True
Is 1091 a factor of 14772140?
True
Is 21 a factor of 778981?
False
Is 5 a factor of 415729?
False
Is 9060390 a multiple of 345?
True
Does 145 divide 194880?
True
Is 1803543 a multiple of 49?
True
Does 91 divide 523981?
False
Does 19 divide 4634575?
True
Is 147449 a multiple of 440?
False
Is 382648 a multiple of 7?
True
Does 231 divide 786324?
True
Is 7 a factor of 2112718?
False
Is 8 a factor of 38504?
True
Does 283 divide 563170?
True
Is 4671081 a multiple of 286?
False
Is 155 a factor of 59830?
True
Is 12618 a multiple of 9?
True
Is 68 a factor of 273360?
True
Is 61 a factor of 48026?
False
Is 36 a factor of 56016?
True
Does 255 divide 132744?
False
Does 11 divide 455073?
False
Is 132240 a multiple of 38?
True
Is 243 a factor of 4574718?
True
Is 29951 a multiple of 29?
False
Does 313 divide 12207?
True
Is 37 a factor of 1738312?
False
Is 451696 a multiple of 74?
True
Is 35 a factor of 160953?
False
Is 66 a factor of 228294?
True
Is 13278751 a multiple of 2137?
False
Is 13831 a multiple of 4?
False
Is 12 a factor of 295068?
True
Is 4 a factor of 109128?
True
Does 12 divide 199804?
False
Is 21 a factor of 2059495?
False
Is 4